{"id":83,"date":"2016-03-25T13:07:04","date_gmt":"2016-03-25T13:07:04","guid":{"rendered":"http:\/\/stockholm12.select-themes.com\/?page_id=83"},"modified":"2020-03-09T11:32:56","modified_gmt":"2020-03-09T09:32:56","slug":"the-cafe","status":"publish","type":"page","link":"https:\/\/truth.capetown\/index.php\/the-cafe\/","title":{"rendered":"The Cafe"},"content":{"rendered":"<p>[vc_row row_type=&#8221;row&#8221; use_row_as_full_screen_section=&#8221;no&#8221; type=&#8221;grid&#8221; text_align=&#8221;center&#8221; background_animation=&#8221;none&#8221; padding_bottom=&#8221;100&#8243; css_animation=&#8221;&#8221;][vc_column width=&#8221;5\/6&#8243; offset=&#8221;vc_col-sm-offset-1&#8243;][vc_empty_space height=&#8221;27px&#8221;][vc_column_text]<\/p>\n<h2><b>THE AWARD-WINNING STEAMPUNK-THEMED HOME OF TRUTH COFFEE CAPE TOWN<\/b><\/h2>\n<p>&nbsp;<\/p>\n<h5>Built around Colossus, our vintage Probat coffee roaster with all of its modern electronics, the stage is set for an unforgettable coffee and culinary experience. Expect the extraordinary. It brings joy to us and we want to share our truth with you.<\/h5>\n<p>[\/vc_column_text][\/vc_column][\/vc_row][vc_row row_type=&#8221;row&#8221; use_row_as_full_screen_section=&#8221;no&#8221; type=&#8221;grid&#8221; text_align=&#8221;center&#8221; background_animation=&#8221;none&#8221; padding_bottom=&#8221;110&#8243; css_animation=&#8221;&#8221;][vc_column offset=&#8221;vc_col-lg-offset-0 vc_col-lg-4 vc_col-md-offset-0 vc_col-md-4 vc_col-sm-offset-0&#8243;][vc_single_image image=&#8221;379&#8243; img_size=&#8221;full&#8221; alignment=&#8221;center&#8221; qode_css_animation=&#8221;&#8221;][vc_empty_space height=&#8221;49px&#8221;][vc_column_text]<\/p>\n<h6>vision<\/h6>\n<p>[\/vc_column_text][vc_empty_space height=&#8221;25px&#8221;][vc_column_text]Challenging the fundamental principles applying to everything[\/vc_column_text][vc_empty_space height=&#8221;30px&#8221;][\/vc_column][vc_column offset=&#8221;vc_col-lg-offset-0 vc_col-lg-4 vc_col-md-offset-0 vc_col-md-4 vc_col-sm-offset-0&#8243;][vc_single_image image=&#8221;382&#8243; img_size=&#8221;full&#8221; alignment=&#8221;center&#8221; qode_css_animation=&#8221;&#8221;][vc_empty_space height=&#8221;49px&#8221;][vc_column_text]<\/p>\n<h6>excellence<\/h6>\n<p>[\/vc_column_text][vc_empty_space height=&#8221;25px&#8221;][vc_column_text]We believe in continuous learning. We believe that people are our assets.[\/vc_column_text][vc_empty_space height=&#8221;30px&#8221;][\/vc_column][vc_column offset=&#8221;vc_col-lg-offset-0 vc_col-lg-4 vc_col-md-offset-0 vc_col-md-4 vc_col-sm-offset-0&#8243;][vc_single_image image=&#8221;364&#8243; img_size=&#8221;full&#8221; alignment=&#8221;center&#8221; qode_css_animation=&#8221;&#8221;][vc_empty_space height=&#8221;49px&#8221;][vc_column_text]<\/p>\n<h6>passion<\/h6>\n<p>[\/vc_column_text][vc_empty_space height=&#8221;25px&#8221;][vc_column_text]We passionately believe in quality above all else[\/vc_column_text][vc_empty_space height=&#8221;30px&#8221;][\/vc_column][\/vc_row][vc_row row_type=&#8221;row&#8221; use_row_as_full_screen_section=&#8221;no&#8221; type=&#8221;grid&#8221; text_align=&#8221;left&#8221; background_animation=&#8221;none&#8221; css_animation=&#8221;&#8221;][vc_column]<div class=\"testimonials_holder clearfix dark \"><div class=\"testimonials testimonials_carousel\" data-show-navigation=\"yes\" data-show-navigation-arrows=\"no\" data-animation-type=\"fade\" data-animation-speed=\"30\" data-auto-rotate-slides=\"0\"><ul class=\"slides\"><li id=\"testimonials856\" class=\"testimonial_content\"><div class=\"testimonial_content_inner\"><div class=\"testimonial_text_holder center_align\"><div class=\"testimonial_text_inner\"><p class=\"testimonial_title\">A must while in Cape Town!<\/p><p style='color:#000000;'>Huge disservice if you visit Cape Town without stopping here during your visit! The staff are some of the most friendly I\u2019ve met in all of my travels! They have coffee down to a science and it shows with every sip! My favorites were the sunrise espresso and albumen airship. No worries if you're hungry as the food shines just as bright as the drinks!!<\/p><p class=\"testimonial_author\" style=\"\">- CPADiva | 28 December 2019<span class=\"testimonial_author_job\">TripAdvisor<\/span><\/p><\/div><\/div><\/div><\/li><li id=\"testimonials855\" class=\"testimonial_content\"><div class=\"testimonial_content_inner\"><div class=\"testimonial_text_holder center_align\"><div class=\"testimonial_text_inner\"><p class=\"testimonial_title\">Caf\u00e9 excelente!!<\/p><p style='color:#000000;'>Surpreendente caf\u00e9! Local muito agrad\u00e1vel, com uma decora\u00e7\u00e3o diferenciada.\r\nAl\u00e9m do excelente atendimento os caf\u00e9s e as comidas s\u00e3o saborosos e muito bem servidos.\r\nVale a experi\u00eancia!<\/p><p class=\"testimonial_author\" style=\"\">- Fernando Peixoto | 20 December 2019<span class=\"testimonial_author_job\">TripAdvisor<\/span><\/p><\/div><\/div><\/div><\/li><li id=\"testimonials838\" class=\"testimonial_content\"><div class=\"testimonial_content_inner\"><div class=\"testimonial_text_holder center_align\"><div class=\"testimonial_text_inner\"><p class=\"testimonial_title\">5 Star<\/p><p style='color:#000000;'>I have only heard excellent reviews about Truth Cafe in Cape Town so had to go and see for myself... What a funky eclectic atmosphere and vibe.. the bites tantalizing, the coffee - mind blowing!! Think I will have to visit far more often so I can test and try ALL the coffees on offer!<\/p><p class=\"testimonial_author\" style=\"\">- Franette Wilkinson | 8 March 2020<span class=\"testimonial_author_job\">Google Review<\/span><\/p><\/div><\/div><\/div><\/li><li id=\"testimonials836\" class=\"testimonial_content\"><div class=\"testimonial_content_inner\"><div class=\"testimonial_text_holder center_align\"><div class=\"testimonial_text_inner\"><p class=\"testimonial_title\">AfterDark<\/p><p style='color:#000000;'>The food was amazing and the vibe was great. Loved the decor and ambience. Loved the barista, Josh and the runner, Colin. Please promote him Colin to a Waiter !!!! He was excellent\u2764\ufe0f<\/p><p class=\"testimonial_author\" style=\"\">- Debbie | 15 February 2020<span class=\"testimonial_author_job\">DinePlan <\/span><\/p><\/div><\/div><\/div><\/li><li id=\"testimonials835\" class=\"testimonial_content\"><div class=\"testimonial_content_inner\"><div class=\"testimonial_text_holder center_align\"><div class=\"testimonial_text_inner\"><p class=\"testimonial_title\">Not just good coffee<\/p><p style='color:#000000;'>Just like everyone else we went here to sample the worlds best coffee. It was pretty good as were the amazing faces the barista's can create but what blew me away were the cakes.. we had two, a apple tarte which was absolutely sublime and a lemon meringue which was quite possibly the best lemon meringue in the entire world..So go, enjoy the coffee and the super surroundings but make sure you try the cakes...<\/p><p class=\"testimonial_author\" style=\"\">- NickDud | 28 February 2020<span class=\"testimonial_author_job\">TripAdvisor<\/span><\/p><\/div><\/div><\/div><\/li><\/ul><\/div><\/div>[\/vc_column][\/vc_row][vc_row row_type=&#8221;parallax&#8221; text_align=&#8221;center&#8221; background_image=&#8221;340&#8243; full_screen_section_height=&#8221;no&#8221; section_height=&#8221;900&#8243;][vc_column width=&#8221;5\/6&#8243; offset=&#8221;vc_col-sm-offset-1&#8243;][vc_empty_space height=&#8221;150px&#8221;][vc_empty_space height=&#8221;50px&#8221;][vc_column_text][\/vc_column_text][vc_empty_space height=&#8221;36px&#8221;][\/vc_column][\/vc_row][vc_row row_type=&#8221;row&#8221; use_row_as_full_screen_section=&#8221;no&#8221; type=&#8221;full_width&#8221; text_align=&#8221;left&#8221; background_animation=&#8221;none&#8221; css_animation=&#8221;&#8221;][vc_column]<div class='qode_carousels_holder clearfix hover_overlay'><div class='qode_carousels carousel_owl'data-enable-navigation=\"yes\" data-slider-speed=\"5000\"  data-number_of_items = 5><div class='slides'><div class='item'><div class=\"carousel_item_holder\"><span class='first_image_holder '><img src='http:\/\/truth.capetown\/wp-content\/uploads\/2020\/03\/DSC2263.jpg' alt='Blikkie Vis'><\/span><span class='carousel_image_overlay'><\/span><\/div><\/div><div class='item'><div class=\"carousel_item_holder\"><span class='first_image_holder '><img src='http:\/\/truth.capetown\/wp-content\/uploads\/2020\/03\/DSC2501.jpg' alt='Mixed Grill'><\/span><span class='carousel_image_overlay'><\/span><\/div><\/div><div class='item'><div class=\"carousel_item_holder\"><span class='first_image_holder '><img src='http:\/\/truth.capetown\/wp-content\/uploads\/2020\/03\/DSC2566.jpg' alt='Fat Cat'><\/span><span class='carousel_image_overlay'><\/span><\/div><\/div><div class='item'><div class=\"carousel_item_holder\"><span class='first_image_holder '><img src='http:\/\/truth.capetown\/wp-content\/uploads\/2020\/03\/DSC2340.jpg' alt='Pap &#038; Wors'><\/span><span class='carousel_image_overlay'><\/span><\/div><\/div><div class='item'><div class=\"carousel_item_holder\"><span class='first_image_holder '><img src='http:\/\/truth.capetown\/wp-content\/uploads\/2020\/03\/DSC2558.jpg' alt='Mnr Babalas'><\/span><span class='carousel_image_overlay'><\/span><\/div><\/div><div class='item'><div class=\"carousel_item_holder\"><span class='first_image_holder '><img src='http:\/\/truth.capetown\/wp-content\/uploads\/2020\/03\/DSC2217.jpg' alt='OROSie'><\/span><span class='carousel_image_overlay'><\/span><\/div><\/div><div class='item'><div class=\"carousel_item_holder\"><span class='first_image_holder '><img src='http:\/\/truth.capetown\/wp-content\/uploads\/2020\/03\/DSC2553.jpg' alt='Funky Falooda'><\/span><span class='carousel_image_overlay'><\/span><\/div><\/div><div class='item'><div class=\"carousel_item_holder\"><span class='first_image_holder '><img src='http:\/\/truth.capetown\/wp-content\/uploads\/2020\/03\/DSC2300.jpg' alt='Melk Tert'><\/span><span class='carousel_image_overlay'><\/span><\/div><\/div><div class='item'><div class=\"carousel_item_holder\"><span class='first_image_holder '><img src='http:\/\/truth.capetown\/wp-content\/uploads\/2020\/03\/DSC2503.jpg' alt='Mix Grill &#038; Green and Goldie'><\/span><span class='carousel_image_overlay'><\/span><\/div><\/div><div class='item'><div class=\"carousel_item_holder\"><span class='first_image_holder '><img src='http:\/\/truth.capetown\/wp-content\/uploads\/2020\/03\/DSC6821-scaled.jpg' alt='Carousel'><\/span><span class='carousel_image_overlay'><\/span><\/div><\/div><div class='item'><div class=\"carousel_item_holder\"><span class='first_image_holder '><img src='http:\/\/truth.capetown\/wp-content\/uploads\/2020\/03\/DSC6996.jpg' alt='Chris Jone Bean Dispenser'><\/span><span class='carousel_image_overlay'><\/span><\/div><\/div><div class='item'><div class=\"carousel_item_holder\"><span class='first_image_holder '><img src='http:\/\/truth.capetown\/wp-content\/uploads\/2020\/03\/DSC6568.jpg' alt='Cooling Tray'><\/span><span class='carousel_image_overlay'><\/span><\/div><\/div><div class='item'><div class=\"carousel_item_holder\"><span class='first_image_holder '><img src='http:\/\/truth.capetown\/wp-content\/uploads\/2020\/03\/DSC6616.jpg' alt='Brass Truth Sign'><\/span><span class='carousel_image_overlay'><\/span><\/div><\/div><div class='item'><div class=\"carousel_item_holder\"><span class='first_image_holder '><img src='http:\/\/truth.capetown\/wp-content\/uploads\/2020\/03\/DSC6991.jpg' alt='Hat'><\/span><span class='carousel_image_overlay'><\/span><\/div><\/div><div class='item'><div class=\"carousel_item_holder\"><span class='first_image_holder '><img src='http:\/\/truth.capetown\/wp-content\/uploads\/2020\/03\/DSC6987.jpg' alt='Chris Jones Dispenser 2'><\/span><span class='carousel_image_overlay'><\/span><\/div><\/div><div class='item'><div class=\"carousel_item_holder\"><span class='first_image_holder '><img src='http:\/\/truth.capetown\/wp-content\/uploads\/2020\/03\/DSC6975.jpg' alt='Steampunk Art Displays'><\/span><span class='carousel_image_overlay'><\/span><\/div><\/div><div class='item'><div class=\"carousel_item_holder\"><span class='first_image_holder '><img src='http:\/\/truth.capetown\/wp-content\/uploads\/2020\/03\/DSC6965.jpg' alt='Waiter 1'><\/span><span class='carousel_image_overlay'><\/span><\/div><\/div><div class='item'><div class=\"carousel_item_holder\"><span class='first_image_holder '><img src='http:\/\/truth.capetown\/wp-content\/uploads\/2020\/03\/DSC6945.jpg' alt='Barista'><\/span><span class='carousel_image_overlay'><\/span><\/div><\/div><div class='item'><div class=\"carousel_item_holder\"><span class='first_image_holder '><img src='http:\/\/truth.capetown\/wp-content\/uploads\/2020\/03\/DSC6944.jpg' alt='Chris Jones Dispenser 3'><\/span><span class='carousel_image_overlay'><\/span><\/div><\/div><div class='item'><div class=\"carousel_item_holder\"><span class='first_image_holder '><img src='http:\/\/truth.capetown\/wp-content\/uploads\/2020\/03\/DSC6939.jpg' alt='No Sugar Required'><\/span><span class='carousel_image_overlay'><\/span><\/div><\/div><div class='item'><div class=\"carousel_item_holder\"><span class='first_image_holder '><img src='http:\/\/truth.capetown\/wp-content\/uploads\/2020\/03\/DSC6935.jpg' alt='Typewriter'><\/span><span class='carousel_image_overlay'><\/span><\/div><\/div><div class='item'><div class=\"carousel_item_holder\"><span class='first_image_holder '><img src='http:\/\/truth.capetown\/wp-content\/uploads\/2020\/03\/DSC6930.jpg' alt='Bar Side'><\/span><span class='carousel_image_overlay'><\/span><\/div><\/div><div class='item'><div class=\"carousel_item_holder\"><span class='first_image_holder '><img src='http:\/\/truth.capetown\/wp-content\/uploads\/2020\/03\/DSC6925.jpg' alt='Airship 1'><\/span><span class='carousel_image_overlay'><\/span><\/div><\/div><div class='item'><div class=\"carousel_item_holder\"><span class='first_image_holder '><img src='http:\/\/truth.capetown\/wp-content\/uploads\/2020\/03\/DSC6917.jpg' alt='Airship 2'><\/span><span class='carousel_image_overlay'><\/span><\/div><\/div><div class='item'><div class=\"carousel_item_holder\"><span class='first_image_holder '><img src='http:\/\/truth.capetown\/wp-content\/uploads\/2020\/03\/DSC6842-scaled.jpg' alt='Siphon'><\/span><span class='carousel_image_overlay'><\/span><\/div><\/div><div class='item'><div class=\"carousel_item_holder\"><span class='first_image_holder '><img src='http:\/\/truth.capetown\/wp-content\/uploads\/2020\/02\/DSC6671-scaled.jpg' alt='Roaster'><\/span><span class='carousel_image_overlay'><\/span><\/div><\/div><\/div><\/div><\/div>[\/vc_column][\/vc_row]<\/p>\n","protected":false},"excerpt":{"rendered":"<p>[vc_row row_type=&#8221;row&#8221; use_row_as_full_screen_section=&#8221;no&#8221; type=&#8221;grid&#8221; text_align=&#8221;center&#8221; background_animation=&#8221;none&#8221; padding_bottom=&#8221;100&#8243; css_animation=&#8221;&#8221;][vc_column width=&#8221;5\/6&#8243; offset=&#8221;vc_col-sm-offset-1&#8243;][vc_empty_space height=&#8221;27px&#8221;][vc_column_text] THE AWARD-WINNING STEAMPUNK-THEMED HOME OF TRUTH COFFEE CAPE TOWN &nbsp; Built around Colossus, our vintage Probat coffee roaster with all of its modern electronics, the stage is set for an unforgettable coffee and culinary&#8230;<\/p>\n","protected":false},"author":1,"featured_media":0,"parent":0,"menu_order":0,"comment_status":"closed","ping_status":"closed","template":"full_width.php","meta":{"footnotes":""},"class_list":["post-83","page","type-page","status-publish","hentry"],"_links":{"self":[{"href":"https:\/\/truth.capetown\/index.php\/wp-json\/wp\/v2\/pages\/83","targetHints":{"allow":["GET"]}}],"collection":[{"href":"https:\/\/truth.capetown\/index.php\/wp-json\/wp\/v2\/pages"}],"about":[{"href":"https:\/\/truth.capetown\/index.php\/wp-json\/wp\/v2\/types\/page"}],"author":[{"embeddable":true,"href":"https:\/\/truth.capetown\/index.php\/wp-json\/wp\/v2\/users\/1"}],"replies":[{"embeddable":true,"href":"https:\/\/truth.capetown\/index.php\/wp-json\/wp\/v2\/comments?post=83"}],"version-history":[{"count":45,"href":"https:\/\/truth.capetown\/index.php\/wp-json\/wp\/v2\/pages\/83\/revisions"}],"predecessor-version":[{"id":857,"href":"https:\/\/truth.capetown\/index.php\/wp-json\/wp\/v2\/pages\/83\/revisions\/857"}],"wp:attachment":[{"href":"https:\/\/truth.capetown\/index.php\/wp-json\/wp\/v2\/media?parent=83"}],"curies":[{"name":"wp","href":"https:\/\/api.w.org\/{rel}","templated":true}]}}